*w - 5, -3*b - 2*w = -1616. Suppose 4*k = -2*j - 14 - 214, 0 = 5*j - 4*k + b. Let q = -35 - j. What is the units digit of q?
5
Suppose -14*z + 8312 = -30202. Suppose z = 5*a + 4*h, -2*h + 4 = -h. What is the tens digit of a?
4
Suppose 0 = 2*n - 3*f + 17 - 53, 0 = -3*n + 5*f + 55. Suppose 12913 + 8927 = n*p. What is the thousands digit of p?
1
Let f = 12818 + -1722. What is the hundreds digit of f?
0
Let x(l) = -l + 4. Let y be x(-3). Suppose 3*o = 0, o + y = 2*t + 1. Suppose t*m + 173 - 500 = 0. What is the hundreds digit of m?
1
Suppose 21439 = 2*j - m, 3*j + 0*j = 3*m + 32163. What is the ten thousands digit of j?
1
Suppose -78 + 18 = -3*i. What is the units digit of 8/i*1 - 4452/(-20)?
3
Let j = -64 + 77. Suppose -j*s = -8*s - 875. Suppose -3*q = -2*o - 311, -258 - s = -4*q - o. What is the hundreds digit of q?
1
Let q(v) = -2*v**3 + 11*v**2 + 5*v - 41. Let r be q(4). What is the tens digit of (r/(-18))/(2 - (-12081)/(-6036))?
0
Let w be (6 - 5)*(-4 - -1). What is the units digit of w*(-14 - (-6 - -5))?
9
Suppose 9*w - 6*w = 15, w = -4*h + 517. Let x(y) = y + 2. Let t be x(2). Suppose -l + 3*z = t*z - 120, z + h = l. What is the hundreds digit of l?
1
Suppose -5*l + 79880 = 5*z, 244*l - 245*l = 3*z - 47940. What is the tens digit of z?
8
Suppose -5*v = 2*p + 16 + 1040, -5*v - 5*p - 1050 = 0. Let w = 370 + v. Suppose -w + 752 = 6*u. What is the tens digit of u?
9
Suppose -2*a = 2*u - 972, -3*a + 2*u + 1463 = 6*u. What is the units digit of a?
1
Suppose -10*i - 8320 - 7320 = 0. What is the units digit of (i/170)/((-4)/70)?
1
Suppose 2*b - 12 = -4*i, -b = -2*b. Suppose -76 = -i*n + 581. What is the tens digit of n?
1
Let v = -131 - -67. Let b(x) = -x**3 + 29*x**2 - 59*x + 91. Let t be b(27). Let u = t - v. What is the tens digit of u?
2
Suppose 6*h + 3*h - 565096 = -19*h. What is the thousands digit of h?
0
Let g(t) = t**3 + 3*t**2 - 6*t - 5. Let w be g(-4). Let a(b) = b**2 + 2 + b**2 + b - w*b**2 + 21. What is the tens digit of a(0)?
2
Let s(g) = -6 + 28*g - 5*g - 14*g. Let p be s(2). What is the units digit of 1072/p - 2/6?
9
Let u(a) = 56*a + 63. Let f = -106 + 110. What is the units digit of u(f)?
7
Suppose -14*p + 15*p = 662. Suppose -5*g + 328 + p = 0. What is the tens digit of g?
9
Let c = -845 + 3895. What is the tens digit of c?
5
Suppose 65*h = 44*h + 137256. What is the hundreds digit of h?
5
Suppose -1024 = 4*d + 2416. Let f = -1 + 3. What is the units digit of (d/(-30))/(f/3)?
3
Let h = -760 + 760. Let i(p) = -p**2 - 26*p + 1236. What is the hundreds digit of i(h)?
2
Let p(q) = q**3 - 24*q**2 + 3. Let g be p(24). What is the hundreds digit of 6/18*867 + g?
2
Let o be ((-18)/(-8))/((-66)/(-18128)). Let s = o - 13. What is the hundreds digit of s?
6
Suppose -3*a + 46360 = -5*p - 3861, -33502 = -2*a - 2*p. What is the hundreds digit of a?
7
Suppose 3*w - 4*b + 163 = 39, -3*w = -3*b + 120. Let z(u) = u**3 + 8*u**2 - 7*u - 1. Let s be z(-5). Let n = s + w. What is the units digit of n?
3
Let b = 5113 + -686. What is the tens digit of b?
2
What is the units digit of ((43241/(-66))/1)/(2/(-12))?
1
Let i = -40 - -44. Suppose 0*q = 2*x - q - 10, -3*x - i*q + 4 = 0. Suppose 5*r - x*d - 251 = 178, 3*d = -2*r + 167. What is the units digit of r?
5
Suppose -3*a = i + 598 - 12279, -11696 = -3*a - 4*i. What is the units digit of a?
2
Suppose -33*g + 220 = 11*g. Suppose 5*y = -5*p + 1610, -320 = -p + 3*y - g*y. What is the units digit of p?
4
Suppose 5*o - 2614 = h, -542 = -0*o - o + 5*h. Suppose -4*a + j = -2*a - 1049, a = 3*j + o. What is the hundreds digit of a?
5
Let w = 25 - 25. What is the units digit of 911/((-2)/(-1 + -1 - w))?
1
Let o = -584 + 590. What is the hundreds digit of -1*(o + -743 + 4)?
7
What is the tens digit of ((-46265)/(-15))/19*45?
0
Suppose 2*v + 5*p - 44947 = 0, 2*v - 44902 = 25*p - 21*p. What is the tens digit of v?
6
Let k(v) = 4*v**3 - v**2 + 7*v - 6. Let w(c) be the first derivative of c**4 - c**2 + c - 28. Let u be w(1). What is the hundreds digit of k(u)?
1
Let k be 6/9 + (-26)/(-6). Suppose 4*n + 14 = -4*y + 2, -k*n = -y + 15. Suppose 5*u - 16 = 2*t, y*u = u + 2*t - 8. What is the units digit of u?
4
Suppose 25*b - 63 + 213 = 0. Let y(u) = -7*u**3 - 5*u**2 - 3*u + 6. What is the hundreds digit of y(b)?
3
Let s = 14306 - 9886. What is the hundreds digit of s?
4
What is the tens digit of (-61)/(-120) + 21/(-56) - (-14580468)/540?
0
Let i = -111186 - -164501. What is the units digit of i?
5
Let t be 8/(456/279) - (-6)/57. Suppose t*i = 1278 + 2767. What is the tens digit of i?
0
Let o be 4/7 - (-99)/(-63). What is the tens digit of -34 - -354 - (o - 0)?
2
What is the hundreds digit of 8047/(-26)*-76 + 13?
5
Suppose -4*i = -16*i. Suppose -8*m + 13*m - 2000 = i. What is the tens digit of m?
0
Let o = 414 - 499. Let u = 185 - o. What is the hundreds digit of u?
2
What is the thousands digit of 3138060/315 + (-2)/21?
9
Let m(q) = -62*q - 35. Let u = 132 - 126. Let f be m(u). Let d = f + 675. What is the tens digit of d?
6
Let z be 6 - 12 - (-7 - -4 - 1089). Suppose -5*w + z = -4*w + 2*g, -3*w - 4*g = -3260. What is the tens digit of w?
8
Suppose 28*l = 5 + 51. Suppose l*c = 4*c - 3*b - 1200, -2*b = 5*c - 3038. What is the units digit of c?
6
Suppose 22*w + 21171 = 59561. Let v = w - 1140. What is the units digit of v?
5
Let t(g) = -42*g - 49. Suppose 5*k = -5*d - 25, -9 = 3*k - d + 26. What is the units digit of t(k)?
1
Suppose -12324 = -26*v + 20*v. Let i = v - 1224. What is the hundreds digit of i?
8
Let u(t) = t**3 - 10*t**2 + 16*t + 18. Let w be u(9). Let o be (-6)/(-4) + w/(-2). Let l = 40 - o. What is the tens digit of l?
7
Let v(h) be the second derivative of 39*h**4/2 - 7*h**3/3 + 11*h**2 - 258*h. What is the hundreds digit of v(2)?
9
What is the tens digit of -632*(-16)/40*10?
2
Let k = 4187 - 3667. What is the hundreds digit of k?
5
Suppose -23921 = -b - 6*c, 147*b - 4*c = 146*b + 23941. What is the units digit of b?
3
Let a be (-1 + 21)*(-2 + 4). Let b = -40 + a. Suppose -4*m + 2*i + 42 = -b*m, -48 = -4*m + 4*i. What is the units digit of m?
9
Suppose 69*l - 753954 - 1062013 = -65299. What is the hundreds digit of l?
3
Let s = -8412 + 15286. What is the units digit of s?
4
Let g(y) = -226*y**2 - 22*y - 26. Let t(v) = -75*v**2 - 7*v - 9. Let l(h) = 2*g(h) - 7*t(h). What is the tens digit of l(4)?
9
Let d(g) = -51*g**3 + g**2 - 5*g - 4. Suppose -3*u = 12 - 6. What is the hundreds digit of d(u)?
4
Let m be (-42)/18*-3*(-10)/70. Suppose -c + 0*c = -67. What is the tens digit of -3 - (c + 4)*m?
6
Let y be (130/(-52))/((-3)/6). Suppose -3*q + 5*f = -2*q - 653, -f + 3369 = y*q. What is the tens digit of q?
7
Suppose -42*r = -1211307 - 470709. What is the units digit of r?
8
Let t = 5046 + -3600. What is the tens digit of t?
4
Suppose -3*f - 5*y + 52741 = 0, -5*f + 4*y + 117878 - 29964 = 0. What is the thousands digit of f?
7
Let z = 37 - 30. Suppose z*f - 480 = 66. Suppose -4*s = 6 - f. What is the units digit of s?
8
Suppose 0 = 3*u - r + 3*r + 2572, -u = -2*r + 868. Let v = u + 994. What is the tens digit of v?
3
Let u(v) = 7*v**3 - 8*v**2 + 75*v + 35. What is the tens digit of u(20)?
3
Let v = 158 + -162. Suppose 5*y - 42 = 78. Let h = v + y. What is the units digit of h?
0
Let n(v) = 126*v**2 - 144*v + 2176. What is the hundreds digit of n(16)?
1
Suppose -9*b - 505073 - 1124163 = -40*b. What is the hundreds digit of b?
5
Suppose w = 2*o + 18389, 0 = -2*w + o + 15431 + 21338. What is the tens digit of w?
8
Suppose -35*d + 31000 = 5*d. Suppose -2*a + 4*m = -2182, 4*a + d = 3*m + 5164. What is the units digit of a?
1
Let d = -14643 - -21843. Suppose 32*f - d = 17312. What is the units digit of f?
6
Suppose -87*q + 2076442 = -3242303. What is the tens digit of q?
3
Let o = 84 + -68. Let z(u) = -u**2 + 14*u + 37. Let g be z(o). Suppose 968 - 183 = g*v. What is the tens digit of v?
5
Let z(c) = 6375*c - 13646. What is the ten thousands digit of z(9)?
4
Suppose 15*o - 78 = -3. Suppose -b + 1717 = o*a - 194, -4*a = -5*b - 1523. What is the tens digit of a?
8
Let s be (-120)/(-5) + (-6)/(-3)*-1. Suppose 0*c + 83 = 5*c - 4*b, 4*b = -2*c + s. Suppose -413 = -4*p + c. What is the tens digit of p?
0
Let p(m) = 1250*m + 53. Let n be p(1). Suppose n + 755 = 2*f - 4*h, -4*f = -h - 4088. What is the thousands digit of f?
1
